{"id":25,"date":"2021-03-07T10:42:13","date_gmt":"2021-03-07T10:42:13","guid":{"rendered":"http:\/\/novostage.hu\/?page_id=25"},"modified":"2021-03-08T21:45:22","modified_gmt":"2021-03-08T21:45:22","slug":"rolunk","status":"publish","type":"page","link":"https:\/\/novostage.hu\/?page_id=25","title":{"rendered":"R\u00d3LUNK"},"content":{"rendered":"<p style=\"text-align: justify;\">Rendezv\u00e9nyszervez\u0151i \u00e9s vend\u00e9gl\u00e1t\u00f3i tapasztalatunkat egyes\u00edtve biztos\u00edtjuk a rendezv\u00e9ny szervez\u00e9s\u00e9hez sz\u00fcks\u00e9ges figyelmess\u00e9get \u00e9s kreat\u00edv gondolkod\u00e1st. Valljuk, hogy a tudatos tervez\u00e9s elengedhetetlen a sz\u00ednvonalas rendezv\u00e9ny \u00e9s \u00e9tkez\u00e9s \u00e9rdek\u00e9ben. V\u00e1llaljuk a rendezv\u00e9nyed teljes k\u00f6r\u0171 lebonyol\u00edt\u00e1s\u00e1t vagy egyes r\u00e9szleteinek kivitelez\u00e9s\u00e9t.&nbsp; Keress minket bizalommal, k\u00e9rj aj\u00e1nlatot!<\/p>\n","protected":false},"excerpt":{"rendered":"<p>Rendezv\u00e9nyszervez\u0151i \u00e9s vend\u00e9gl\u00e1t\u00f3i tapasztalatunkat egyes\u00edtve biztos\u00edtjuk a rendezv\u00e9ny szervez\u00e9s\u00e9hez sz\u00fcks\u00e9ges figyelmess\u00e9get \u00e9s kreat\u00edv gondolkod\u00e1st. Valljuk, hogy a tudatos tervez\u00e9s elengedhetetlen a sz\u00ednvonalas rendezv\u00e9ny \u00e9s \u00e9tkez\u00e9s \u00e9rdek\u00e9ben. V\u00e1llaljuk a rendezv\u00e9nyed teljes k\u00f6r\u0171 lebonyol\u00edt\u00e1s\u00e1t vagy egyes r\u00e9szleteinek kivitelez\u00e9s\u00e9t.&nbsp; Keress minket bizalommal, k\u00e9rj aj\u00e1nlatot!<\/p>\n","protected":false},"author":1,"featured_media":0,"parent":0,"menu_order":0,"comment_status":"closed","ping_status":"closed","template":"","meta":{"footnotes":""},"class_list":["post-25","page","type-page","status-publish","hentry"],"_links":{"self":[{"href":"https:\/\/novostage.hu\/index.php?rest_route=\/wp\/v2\/pages\/25","targetHints":{"allow":["GET"]}}],"collection":[{"href":"https:\/\/novostage.hu\/index.php?rest_route=\/wp\/v2\/pages"}],"about":[{"href":"https:\/\/novostage.hu\/index.php?rest_route=\/wp\/v2\/types\/page"}],"author":[{"embeddable":true,"href":"https:\/\/novostage.hu\/index.php?rest_route=\/wp\/v2\/users\/1"}],"replies":[{"embeddable":true,"href":"https:\/\/novostage.hu\/index.php?rest_route=%2Fwp%2Fv2%2Fcomments&post=25"}],"version-history":[{"count":2,"href":"https:\/\/novostage.hu\/index.php?rest_route=\/wp\/v2\/pages\/25\/revisions"}],"predecessor-version":[{"id":53,"href":"https:\/\/novostage.hu\/index.php?rest_route=\/wp\/v2\/pages\/25\/revisions\/53"}],"wp:attachment":[{"href":"https:\/\/novostage.hu\/index.php?rest_route=%2Fwp%2Fv2%2Fmedia&parent=25"}],"curies":[{"name":"wp","href":"https:\/\/api.w.org\/{rel}","templated":true}]}}