{"id":29,"date":"2021-03-07T13:44:11","date_gmt":"2021-03-07T13:44:11","guid":{"rendered":"http:\/\/novostage.hu\/?page_id=29"},"modified":"2021-03-08T21:45:10","modified_gmt":"2021-03-08T21:45:10","slug":"rendezvenyszervezes","status":"publish","type":"page","link":"https:\/\/novostage.hu\/?page_id=29","title":{"rendered":"RENDEZV\u00c9NYSZERVEZ\u00c9S"},"content":{"rendered":"<p style=\"text-align: justify;\">Felkutatjuk \u00e9s ig\u00e9ny szerint leszervezz\u00fck az adott rendezv\u00e9nyhez \u00e9s koncepci\u00f3hoz legjobban illeszked\u0151 fell\u00e9p\u0151ket \u00e9s programelemeket. Egy j\u00f3l szervezett rendezv\u00e9ny eset\u00e9ben elengedhetetlen, hogy megfelel\u0151 hangs\u00falyt fektess\u00fcnk a f\u00e9ny- \u00e9s hangtechnik\u00e1ra. A saj\u00e1t \u00e9s amennyiben sz\u00fcks\u00e9ges b\u00e9relt eszk\u00f6zparkkal mindent megtesz\u00fcnk, hogy ez magas sz\u00ednvonalon val\u00f3sulhasson meg.<\/p>\n<p style=\"text-align: justify;\">V\u00e1llaljuk a rendezv\u00e9nyed teljes k\u00f6r\u0171 lebonyol\u00edt\u00e1s\u00e1t vagy egyes r\u00e9szleteinek kivitelez\u00e9s\u00e9t. Keress minket bizalommal, k\u00e9rj aj\u00e1nlatot!<\/p>\n","protected":false},"excerpt":{"rendered":"<p>Felkutatjuk \u00e9s ig\u00e9ny szerint leszervezz\u00fck az adott rendezv\u00e9nyhez \u00e9s koncepci\u00f3hoz legjobban illeszked\u0151 fell\u00e9p\u0151ket \u00e9s programelemeket. Egy j\u00f3l szervezett rendezv\u00e9ny eset\u00e9ben elengedhetetlen, hogy megfelel\u0151 hangs\u00falyt fektess\u00fcnk a f\u00e9ny- \u00e9s hangtechnik\u00e1ra. A saj\u00e1t \u00e9s amennyiben sz\u00fcks\u00e9ges b\u00e9relt eszk\u00f6zparkkal mindent megtesz\u00fcnk, hogy ez magas sz\u00ednvonalon val\u00f3sulhasson meg. V\u00e1llaljuk a rendezv\u00e9nyed teljes k\u00f6r\u0171 lebonyol\u00edt\u00e1s\u00e1t vagy egyes r\u00e9szleteinek kivitelez\u00e9s\u00e9t. Keress&#8230;<\/p>\n","protected":false},"author":1,"featured_media":0,"parent":0,"menu_order":0,"comment_status":"closed","ping_status":"closed","template":"","meta":{"footnotes":""},"class_list":["post-29","page","type-page","status-publish","hentry"],"_links":{"self":[{"href":"https:\/\/novostage.hu\/index.php?rest_route=\/wp\/v2\/pages\/29","targetHints":{"allow":["GET"]}}],"collection":[{"href":"https:\/\/novostage.hu\/index.php?rest_route=\/wp\/v2\/pages"}],"about":[{"href":"https:\/\/novostage.hu\/index.php?rest_route=\/wp\/v2\/types\/page"}],"author":[{"embeddable":true,"href":"https:\/\/novostage.hu\/index.php?rest_route=\/wp\/v2\/users\/1"}],"replies":[{"embeddable":true,"href":"https:\/\/novostage.hu\/index.php?rest_route=%2Fwp%2Fv2%2Fcomments&post=29"}],"version-history":[{"count":2,"href":"https:\/\/novostage.hu\/index.php?rest_route=\/wp\/v2\/pages\/29\/revisions"}],"predecessor-version":[{"id":52,"href":"https:\/\/novostage.hu\/index.php?rest_route=\/wp\/v2\/pages\/29\/revisions\/52"}],"wp:attachment":[{"href":"https:\/\/novostage.hu\/index.php?rest_route=%2Fwp%2Fv2%2Fmedia&parent=29"}],"curies":[{"name":"wp","href":"https:\/\/api.w.org\/{rel}","templated":true}]}}